What is (112 - 209 - -6) + 132?
41
What is 3 + 2 + (17 - (-43 - -26))?
39
What is the value of -26 + (83 - -2 - 27) + 15?
47
What is 63 - (51 - -16 - -66)?
-70
Evaluate 12 + (-15 - (17 + -7)) - (-107 - 2) - -8.
104
Evaluate -81 + 7 - 25 - -51.
-48
-8 - (0 + 1 + -12 + (-21 - -25) + 7)
-8
-3 + 0 + -126 - (-7 - (8 - (-29 + 39)))
-124
What is (13 - 17) + -6 + -7 + 100?
83
What is (-40 - -28 - -69 - 45) + (1 - (2 + -54))?
65
What is the value of (24 - (-23 - -66)) + 46 + -52?
-25
What is (5 - -110 - 222) + 88?
-19
What is the value of 134 + (-40 + 59 - 72)?
81
Calculate -26 - (-10 - 3) - (2 + -9 - 3).
-3
What is -46 - (-46 + -30 + 34)?
-4
Calculate -110 + 121 + -29 + 53 + -1.
34
Evaluate -3 - (-16 + 31 - 7 - -32).
-43
(56 - 15) + -47 + -10 + -2
-18
(3 + 1 - -14 - -72) + (-3 - (0 - 5))
92
What is (7 - (0 + 3)) + (13 + -56 - 72)?
-111
Calculate (-10 - (-7 - 0)) + 33.
30
What is the value of 35 + -45 + 23 + -2 + 3 - -54?
68
What is 0 + (69 - -2) - (0 + -30)?
101
What is the value of 9 + -1 - -1 - (-2 - (-149 + 112))?
-26
What is -30 - (-31 + 17) - (2 + -19)?
1
(-7257 - -7304) + -1 + -20 + 2
28
What is the value of (-6 - -4) + -52 + 6 + 55?
7
Calculate (15 - 11 - 4) + (8 - (35 - 11 - 11)).
-5
What is the value of (23 - (5 - 20)) + 2 + (-3 + 6 - 1)?
42
What is 56 - 7 - 8 - 31?
10
What is the value of (15 + (-30 - -24) - 24) + 72?
57
Calculate (-116 - 11) + 88 + 163.
124
Calculate -72 - ((-942 - -932) + 14 + -1 + -2).
-73
What is the value of 42 + (-99 - (47 - 90)) - -3?
-11
What is 1 + (1 - 8) - ((-191 - -41) + 154) - -43?
33
Calculate 10 + 3 + 5 + -17 + -38.
-37
What is the value of (7 + -2 - 8 - (5 + -9)) + (15 - -51)?
67
Evaluate 28 - (22 + -19 + -3 + 100).
-72
What is (-101 - -88 - 85) + 87?
-11
(3 - (0 + 17 + -4 + -12)) + -2 + 77
77
Evaluate 54 + -58 - 16 - -82.
62
Calculate (0 - -6 - -2) + -20 + 21 + -7.
2
Calculate 16 + 6 + 8 + (-45 - -31 - 7).
9
Evaluate -35 + 36 + (1 - -11) + -5 + -55.
-47
Evaluate 20 + -20 + -23 - (-8 - 2) - -8.
-5
What is the value of 4 + (10 - (-72 + 100 - (-1 + 10))) + 8?
3
Calculate 8 + (-1 - 5) + 4 + (66 + -31 - 0).
41
What is 1 + (-21 - -16) + (5 - (3 - 4) - 11)?
-9
What is the value of (56 - 34) + 53 + -45 + (7 - -2)?
39
What is the value of -12 + (-9 - -4) - (-103 + 68)?
18
5 + 3 + -33 + -5 + (9 - 12)
-33
83 + -18 + -102 - (41 + 16)
-94
Evaluate (0 - 29) + -2653 + 2656 + 129.
103
Calculate 10 + (-8 - (-42 - 7) - 37).
14
Calculate 62 + (-42 - 13) + 56.
63
Calculate -5 - 42 - ((23 - 1) + -26 - (-2 - 5)).
-50
71 - ((-89 - -61) + 72)
27
Calculate -22 + (107 + -102 - (22 - 1)) + -79.
-117
Evaluate (12 - 0) + -35 - (5 - 9 - -11).
-30
-6 + (44 - 14) - (11 + (-5 - -3) + -3)
18
-64 + 31 - (-25 + -26 + 8)
10
Evaluate 31 - ((-9 - -14) + 6) - (5 - 0) - -3.
18
Evaluate (-10 - 3) + (1 - -42) + -12 + -3.
15
Evaluate (-178 + 0 - -104) + -28.
-102
What is the value of (-60 - (31 - 75 - 25)) + (-16 - 1)?
-8
What is the value of (-30 + 70 - -16) + 4 + (-19 - -12)?
53
What is -3 - -39 - (615 + -581) - (78 - (1 - -1))?
-74
Evaluate 1 + -2 - -8 - ((-86 - -43) + 29 - -1).
20
Evaluate 30 + 14 + -29 - (-16 - 10).
41
What is the value of 16 - 68 - ((63 - 32) + -43)?
-40
What is the value of -86 - -75 - -95 - (-1 + 1 + 3)?
81
Calculate (-1 - -4 - 13) + -7 - (5 + -3 + -4).
-15
What is (0 - -2) + 79 - ((0 - -36) + 566 + -612)?
91
Evaluate 10 + 40 + -58 - (2 + -2 + 0) - 31.
-39
Calculate (40 - (0 - -33)) + -28.
-21
What is the value of 4 + ((-5 - (-2 + 0)) + -27 - (-26 + 24))?
-24
What is 4 + 42 + (10 - (13 - 3)) + -1?
45
Calculate 94 + -44 + -44 - 46.
-40
What is -34 - -1 - (-1448 - -1448)?
-33
Calculate 35 + (121 - (93 - 18)).
81
Evaluate -59 + -66 + -53 + 201.
23
What is 7 - 47 - (-54 - -16)?
-2
Evaluate (-9 + 12 + (-12 - 8) - -1) + -46.
-62
(6 - 11) + -1 + 11 - (30 - 37)
12
39 + -12 + -66 + 25
-14
Evaluate 23 - 63 - -14 - -44.
18
What is 257 + -222 + (1 - 0 - 2)?
34
Evaluate (-22 - -8) + 108 - 57.
37
What is -186 - ((-32 - 133) + 32)?
-53
What is (-5 - (-2 + -1 - -3 - (-135 + 131))) + 7?
-2
What is the value of (1 - -14) + (-6 + 19 + -6 - 8) + 1?
15
What is 1838 + -1835 + (0 - 26)?
-23
(22 - 8 - 4) + (-46 - -31)
-5
1 + -2 - 2 - (-51 + -5)
53
Evaluate (90 - 41) + -5 + (0 - (2 - -1)) + 0.
41
Calculate 159 + -176 + 34 + -3 + -3.
11
Evaluate -77 - (-6 + -22 + 19 + (-17 - -13)).
-64
-2 + 6 - (1394 + -1441)
51
Calculate 14 - (93 - ((22 - 13) + -20)) - -4.
-86
What is (7 - (16 + (14 + -3 - 14))) + -61?
-67
Evaluate (-14 + 46 - 5) + -23 + -36.
-32
-79 + (21 - (1 - 1))
-58
Evaluate -14 + (73 - 38) + -129 - (-2 + (2 - -2)).
-110
Evaluate -83 - (-14 - (-50 + 82)).
-37
What is (-9 + 3 - -7 - -1) + (-19 + 24 - 8)?
-1
What is the value of -3 - (-3 + -56 + 91)?
-35
What is 9 + -12 - -1 - 50 - (-3 - (3 + -10))?
-56
Calculate (-9 - (-23 + 21) - -27 - 19) + 107.
108
Calculate (-16 - (10 + -44)) + (-28 - 4).
-14
Evaluate (-56 + 59 + (3 - 13) - -4) + 61.
58
What is -16 + -4 - (-7 + 5 + 18) - -15?
-21
2 + -1 + (0 - 0) + (97 + 92 - 224)
-34
Evaluate -1 - -47 - (22 + (3 - 48)).
69
Evaluate 16 + (-8 - (13 + (-5 - 27))).
27
Calculate (-2 + 2 - (-93 + 86) - -5) + 121 - 10.
123
What is -81 + 122 + -38 + -26?
-23
-1508 - -1556 - (-4 - 18)
70
(-25 + 29 + -8 - (-24 - 3)) + -15
8
2 + (3 - 3) - (217 - (362 - 151))
-4
Evaluate -15 + 55 + (21 - -1) + -11.
51
What is the value of -94 + (-451 + 490 - (12 + -2))?
-65
What is the value of -68 + 6 + 12 + 14?
-36
Calculate 104 + (96 - 104) - 167.
-71
Calculate -20 + (-4 - 3) + (-102 - -117) - -94.
82
What is -53 + 25 + -27 + (0 - (-1 - 4) - 1)?
-51
Evaluate (-3 - 1 - -66) + (-24 - (-20 - (10 - 16))).
52
Calculate -7 - -25 - ((4 - -9) + -45 + 28).
22
Calculate -1929 + 1903 - ((-10 - 1) + 2).
-17
Calculate 11 + 25 - (-2 - (17 + -18) - 16).
53
(8 - -21) + (8 + -10 - 6) + 16
37
Calculate 1 + 40 - (-22 - -35 - 4).
32
What is (-11 - -16) + 4 - (59 + 3 + 8 + -21)?
-40
What is the value of -2 + 12 + (-33 - -24) + (11 - 2)?
10
-34 - (38 + (-2 - -38))
-108
What is 6 - (22 - -30 - 35)?
-11
(4 - -38) + -40 + 53
55
What is the value of 7 - (4 - (-91 - -47))?
-41
What is the value of -49 + 2 + 17 + -10 + -4?
-44
What is -13 - (-33 - (-18 - 0) - 2)?
4
What is the value of 4 + 19 + -7 + -3 + 19?
32
What is the value of -7 + (-1 - -4) + (-30 + 25 - 18)?
-27
What is the value of (40 - 0) + -32 + 22 + -7 + 0 + -1?
22
What is 93 + 1 + (-69 + -3 - -52)?
74
What is -325 + 329 + (-2 - (-1 - -2))?
1
-43 + 84 + -21 + (102 - 3)
119
Evaluate 24 + 3 + (489 - 569).
-53
Calculate 105 - (-7 + 23 + 8 + -10 + 5).
86
What is the value of 38 + -8 + 41 + -40 + -150?
-119
(49 - 27 - 40) + 38
20
44 - 4 - -12 - (-2 - -28)
26
Evaluate 1 + 87 - ((34 - -13) + (-126 - -58)).
109
Calculate -87 + (13 - (16 + 4)).
-94
Evaluate ((-4 - 4) + 43 - 5 - 13) + 12.
29
What is the value of -1 + -4 + (1 - 0) + -44?
-48
What is (-91 - -168) + -11 + 22?
88
105 + 5 + -4 - (399 + -368)
75
-15 + -2 + (-37 - -102) + -3
45
-252 + 18 - (131 - 274)
-91
Calculate (-7 - -1) + 7 + 26 + -27 + 3 + 69.
72
Evaluate (29 - (-5 - -1)) + 22 + -67.
-12
Evaluate 3 - (-3 + 10) - (-23 + (68 - -23)).
-72
-165 + 223 + -26 + 17
49
What is (62 - -17 - 68) + 68?
79
Calculate -7 + (-16 - (9 - 17)) + 17 + -4 + 0.
-2
What is the value of 56 - (32 + 6 + 8) - -10?
20
What is -11 - ((-7 - -2) + (-59 - -6) + 7)?
40
Calculate (0 - 21) + (93 - -83) + -194.
-39
41 - (132 + (3 - 28))
-66
Evaluate -60 + -24 + 112 + (-4 - 99).
-75
What is 26 - -7 - 68 - 38?
-73
What is -14 + 27 - ((1 + 0 - (-1 - 9)) + 7)?
-5
Calculate -4 - -30 - (-23 + 41) - (1 + 33) - -11.
-15
What is (-940 - -975) + (1 - (1 + 13))?
22
58 + 11 - 73 - (-32 + 15)
13
Calculate -2 - (10 - 14) - (-34 + -2 + -4).
42
What is -20 - (2 - 2) - (-16 - -2 - (-31 + 8))?
-29
1201 + -1239 - (0 - -14 - (6 - 6))
-52
What is -11 + (18 - -20) - (11 + -5 + -10)?
31
-121 - (-8 - 14 - -19 - 6 - (1 + 3))
-108
Evaluate (-946 - -973) + (1 - -60).
88
What is the value of (3 - 8) + (9 + -6 + 10 - (-138 - -104))?
42
Evaluate (1 + 5 + -2 - -1) + -3 - (-49 + 96).
-45
Calculate -2 + -2 + 4 + (95 - 148).
-53
33 + (40 - 30) - 4
39
-16 + -7 + 18 - (42 + (-6 - -2) + -4)
-39
What is the value of -1 + 0 + -7 + -25 + 90 + (-12 - 46)?
-1
What is the value of -104 - (10 + -4 + (-36 - -12))?
-86
Evaluate -30 + 40 + -42 - (35 - 21).
-46
2 + 6 + 20 - (-16 - (-18 + -10) - 4)
20
12 - (-9 + -13 + 14 - 